- 8) + -16 - 1?
72
1 - (1 - 11) - (24 - 47)
34
Evaluate (-20 - -19 - 89) + -136 + 101.
-125
What is the value of 121 + 42 + -77 + 24 + 10 + (5 - 3)?
122
5 - (4 + -27 - -43) - (-79 + (2 - 2))
64
Calculate 113 + (-58 - 115) + 1 + -2 + 5.
-56
Evaluate 1779 + -1776 - (27 + -1).
-23
(-29 - -31 - -45) + -36
11
-17 + 10 + 73 + (-17 - -8)
57
Calculate 24 - (-17 + -5 + 33 + -7).
20
Calculate -66 + 32 + (-70 - -21).
-83
What is -77 + 43 + -89 - -79?
-44
Evaluate (1 - -29) + (-17 - 2) + (-2 - -19).
28
2 + 5 + 0 + -18 + 36
25
Evaluate -40 - (-7 + 64 + -59).
-38
-55 + 1 + 2 + -3038 + 3042
-48
-43 - (6 - (-14 + 4 + (32 - 29)))
-56
Calculate (-2 - -1) + (95 - 101) - -53.
46
What is 71 - ((-10 - (-6 + -30 + 17)) + -13)?
75
What is the value of (-205 + 192 - (2 + 15)) + -1?
-31
Calculate 116 - (46 - (-8 + -39)).
23
What is the value of 135 - (-54 + 74 + 82)?
33
-23 - ((-37 - 14) + -36)
64
What is (-60 - -89) + (-11 - -31)?
49
Evaluate (-26 - (-26 + -31)) + -41.
-10
Evaluate 150 - (-18 - (-226 - -107)).
49
(-91 + 278 - 39) + -159
-11
Evaluate (52 - 15) + -10 + 17 + -22 + 51.
73
Evaluate 88 - (-67 + 118) - -5.
42
-24 - (3 + (10 - (-13 - (-13 - -7) - -13)))
-31
-40 - (33 - (-48 + 54) - 155)
88
(-5 - (7 - 5)) + (-3 - -10) + -52 + -20
-72
What is -18 + 57 - 73 - -21?
-13
-26 - ((-34 - (-16 - 15)) + 16)
-39
Calculate 11 + -9 - (2 + -3 + 7 + -2 + 25).
-27
Evaluate -4238 - -4074 - (-91 + -2).
-71
(40 - 13) + 19 - 108
-62
(11 + -8 - 77) + (222 - 205)
-57
What is the value of 2 - 10 - (25 + -12 - -19 - (1 + 1))?
-38
-66 + 91 - (39 - -2)
-16
-633 + 647 + (17 - -2 - -2)
35
49 - (67 + (67 - 107))
22
What is the value of -108 + 2 + 1 - (32 - (80 + -2 - 33))?
-92
What is the value of -9 + 4 - 5 - ((25 - -2) + 5)?
-42
-21 + (67 - 30) + -11
5
What is -6 + -13 + (4 - -3) + (51 - (221 - 41))?
-141
((12 - 5 - 52) + -5 - -7) + -6
-49
Calculate 42 + -2 - (-999 - -1020).
19
Evaluate 9 + 1 - (61 - (-24 + (19 - -5))).
-51
11 - (-13 + ((6 - 16) + 13 - -5)) - 5
11
What is the value of -1 + 44 - (-63 + (122 - 29))?
13
(-18 - ((-11 - 22) + -3)) + 20
38
Evaluate 10 - 0 - (-94 - (-5 + 27 + -20 + -23)).
83
What is (3 - -8 - (1 + -9 + 9)) + 19 + -26?
3
8 - ((57 - 180) + (24 + -27 - (11 - 0)))
145
Calculate 4 + -19 + -2 + 43 + -10 - 81.
-65
What is the value of 13 - (35 + 20 - 67)?
25
(-4 - -37) + (9 + -13 - -13)
42
What is 3437 - 3443 - (3 + -3 - 53)?
47
Evaluate 74 + -173 + 158 - 55.
4
Evaluate (1 - (1 + 1 - 5)) + 240 + -84 + -94.
66
Evaluate 2 + 83 - (-3 + 23 + -12 + (-21 - -3)).
95
What is the value of 187 - (109 + -97 + 85)?
90
Calculate -1 - 1 - (76 - -112 - 148).
-42
Calculate (-132 - -26) + (94 - -45).
33
(5 - (-2 - 13)) + -13 + -18
-11
What is the value of -2 - ((14 - (-8 + -2 + 20) - 7) + -7)?
8
Calculate -28 + -4 + 0 + (39 + -20 - 21).
-34
(-6 - -45) + -16 - -33
56
Evaluate -156 + (-1 - (45 + -53 + -13)).
-136
What is -18 + 22 - (-2 - (-3 - (3 + -2)) - -13)?
-11
Calculate -61 - (-10 + 41 + (18 - 42)).
-68
Evaluate (-4 - -30) + 1 + -3 + 21 + 87 + -111.
21
Calculate -3 - (-45 - -56) - -71.
57
What is the value of 37 + -34 + -40 - -29?
-8
Evaluate -122 + (59 - 34) + 56.
-41
8 - (18 + -4) - (-23 + 48 - 15)
-16
Calculate -4 + (-6 - (17 - 60)).
33
Evaluate 2 - ((2 - 5) + -94 + 102) - 4.
-7
Calculate (-11 - (-94 + 28 + -21)) + -10.
66
What is the value of -85 + (82 - 53 - -38)?
-18
What is the value of (1 - -4 - -60) + (12 - 5 - 12)?
60
What is -13 + -5 + 3 - (-974 + 964)?
-5
Evaluate 49 + 5 - 12 - 38.
4
Evaluate -70 + 149 - 118 - (-41 + -2).
4
What is the value of (-3 - -1) + 2 + 19 + (8876 - 8921)?
-26
Calculate (9 - (-8 - 60 - -6)) + 4 + -16.
59
Calculate (45 - 44) + -92 - -130.
39
What is -24 - -2 - ((74 - 90) + -2)?
-4
Calculate (-2 - (-1 + 13)) + (148 + 50 - 112).
72
Calculate 482 + (-148 - 305) - (1 - (9 - (0 - 1))).
38
What is 40 - (-26 + -8 + 34 + (-8 + 2 - -3))?
43
(-1 - (-64 + 53)) + -33 - (26 - 2)
-47
What is the value of -18 + -37 - (85 + -147)?
7
Evaluate -80 + (-145 - -91 - -15).
-119
-57 - -87 - (144 + -35)
-79
What is the value of 23 + -22 + -17 + -12 - -147?
119
What is 452 + -482 + (69 - 1) + -12?
26
Evaluate (8 + -17 + 4 - -8) + (-6 - -14 - -43).
54
What is the value of (-92 - -103 - -50) + (-25 - 1)?
35
Evaluate 15 + (-24 - (14 - -1)) + 20.
-4
-40 + (-11 - (-1 + -1) - (-68 + 46))
-27
What is -955 + 957 + (0 - -91)?
93
What is 33 + -13 - (6 + 11 + -35 - -49)?
-11
Evaluate -1 - 5 - (24 - (19 - 44 - -12)).
-43
10 + -7 + 29 + (-1 + 5 - (-19 - -27))
28
What is the value of (-21 - -6) + 38 + 1 + 51?
75
Calculate ((75 - 63) + 1 + -14 + 0 - 1) + -67.
-69
Evaluate -1 + (-5 - 18) - 84.
-108
What is the value of (1 + 7 + (532 - 468) - (1 - -4)) + -10?
57
Calculate -26 + 11 + 9 + -6 + 107.
95
What is 29 - (3 + 10) - 26 - 18?
-28
Evaluate -65 - (48 + -99 + 33).
-47
23 + 32 - (-59 + 151)
-37
1 + -88 - 1 - (-2115 + 2112)
-85
-557 - -545 - ((-11 - -10) + (0 - 0))
-11
-3 + (-1 - -3) + -61 + (-864 - -848)
-78
Calculate -13 - 25 - (-235 - -140).
57
What is 2 + -153 + -663 + 753?
-61
(-18 - (-12 - (7 + -2 - 7))) + (-62 - -13)
-57
What is the value of 63 - (-55 + 92 - -16)?
10
Evaluate (1 + 1 - (27 + (-14 - 17))) + (126 - 1).
131
Calculate (-3 - -8 - 39) + (-9 - -22 - 19).
-40
What is (7 - 1) + 8 - ((-10 - -2) + 13 + -8)?
17
What is the value of -51 + (-9 + 33 - -14) + (2 - 63)?
-74
What is the value of -5 + (-3 - -1) - ((132 - 253) + 146)?
-32
What is (12 - 23) + 20 + (-1 - 10)?
-2
64 + (-5 - 3) + (-3 - -7) + 6
66
What is the value of 117 - ((31 + -2 - 0) + 40 + -107 + 52)?
103
What is -71 + (4 - -1) - (-40 + (-23 - -41))?
-44
Calculate -4 + 12 - (10 + 5) - ((11 - 7) + -7).
-4
-3 - (27 - 22 - ((8 - 12) + -11))
-23
What is the value of (0 - 1) + -6 + (69 - 66) + -53 + 80?
23
Evaluate -40 + 61 + (-22 - 11).
-12
Calculate 22 - 1 - (-11 + 12 + -15).
35
Evaluate (-2 - -6 - (-43 - -42)) + -63 + 1 - -7.
-50
What is the value of -10 + (-3 - (-3 + 2) - (1014 + -1005))?
-21
What is -6 - (-53 - -4 - -15)?
28
2 - (-20 - -5) - 36
-19
119 + -127 - (-1 + -1 + 4 + -9)
-1
Calculate 44 + (15 - (0 + -10 - ((-18 - -14) + -16))).
49
Evaluate 1 + (81 - 2) + -25 + (12 - 7) + 9.
69
What is the value of 27 - (15 + -3 + -54 + -9)?
78
What is 321 - 382 - ((-10 - -3) + 0)?
-54
-72 + 31 + 22 - (17 + 112)
-148
Evaluate -13 + -79 + 139 - -27.
74
What is 76 - (-74 - (-49 - 29))?
72
Calculate 51 + (-1 - 50 - 16).
-16
What is the value of (14 - (-3 + -4) - 8) + (-3 - 4)?
6
-14 - (-83 - (1 + -56))
14
Calculate (4 - 73) + 210 + -172.
-31
Evaluate -5 - -24 - -7 - (-25 + 44).
7
What is (63 - 40) + 19 - (3 + 18)?
21
2 + 1 - (17 + -1 + 0 - (1493 - 1472))
8
92 - (85 - (53 + -73))
-13
Calculate 52 - (84 - 77 - (7 - (-1 + (-1 - -2)))).
52
What is the value of 41 - (-8 + (-23 + 30 - 1))?
43
2 - (0 - (3 + 1) - -46 - (1 + 2))
-37
What is the value of (7 - (-20 + -31 + 17)) + -12?
29
Evaluate -7 - 96 - ((8 - -1 - (16 + -20)) + -12).
-104
-103 + (-23 - 6 - -74)
-58
What is the value of (-10 - -36) + (-3 - (-2 - -9)) - (-1 - -12)?
5
Evaluate 2 - ((-79 - -45) + 48).
-12
Evaluate (-61 - -80) + 49 - 10.
58
What is the value of -2 - 8 - (-21 + -27 + 25)?
13
Calculate 20 + (1 - -11 - (52 - (28 + 10))).
18
What is the value of (2 - (8 + -13)) + (-8 - (18 + -9 - 135))?
125
Calculate -33 - -9 - (0 + 11 + (251 - 257)).
-29
Calculate 13 + 74 + 108 + -114.
81
Evaluate (2 - -35 - 1) + 13 + -173.
-124
Calculate 1 + 7 + (-10 + -1 - (35 + -34)) + -10.
-14
Calculate -15 + 16 + (3 - 15) + (-22 + -10 - 0).
-43
Calculate (-7 - (-1 + (-36 - -23)) - -118) + -23.
102
What is (52 - 92) + 68 + 24?
52
What is the value of -3 + (0 - (3 + 0) - -12) + -838 + 885?
53
Calculate (-108 - (3 - 2)) + (-71 + 33 - -50).
-97
-12 + (13 - ((9 - -21) + -10)) + -8
-27
What is the value of -155 - -139 - (-6 + 7)?
-17
What is the value of -2 - 35 - (-5 + -181 + 201)?
-52
Calculate 99 - 44 - 26 - 84.
-55
Evaluate 50 - 1 - ((-3 - -19 - (107 - 90)) + 8).
42
What is 3 + -16 - (-28 + 31) - -22?
6
What is 101 + (2 - -50) - 59?
94
What is the value of -6 + (9 - 26 - -6 - -7)?
-10
Evaluate (5 - 0) + ((-9 - -30) + -9 - -12).
29
12946 - 12819 - (0 - 1)
128
What is the value of (2 - -11) + -34 + (23 - 65)?
-63
What is -80 + -83 + 130 - (1 - 63)?
29
Evaluate -1 - 10 - -14 - (-1 - 5) - 16.
-7
What is 37 + (-4 + -16 - (-7 - 8))?
32
Calculate (-19 - (-3 - (20 - -1))) + 1 + 35.
41
Evaluate